{"id":650,"date":"2025-05-04T10:48:23","date_gmt":"2025-05-04T10:48:23","guid":{"rendered":"https:\/\/mbardon.com\/?page_id=650"},"modified":"2026-01-30T15:31:56","modified_gmt":"2026-01-30T15:31:56","slug":"aviso-legal","status":"publish","type":"page","link":"https:\/\/mbardon.com\/index.php\/aviso-legal\/","title":{"rendered":"Aviso legal"},"content":{"rendered":"\t\t<div data-elementor-type=\"wp-page\" data-elementor-id=\"650\" class=\"elementor elementor-650\" data-elementor-post-type=\"page\">\n\t\t\t\t<div class=\"elementor-element elementor-element-9ca61bb e-flex e-con-boxed e-con e-parent\" data-id=\"9ca61bb\" data-element_type=\"container\">\n\t\t\t\t\t<div class=\"e-con-inner\">\n\t\t\t\t<div class=\"elementor-element elementor-element-b38e00e elementor-widget elementor-widget-heading\" data-id=\"b38e00e\" data-element_type=\"widget\" data-widget_type=\"heading.default\">\n\t\t\t\t<div class=\"elementor-widget-container\">\n\t\t\t\t\t<h2 class=\"elementor-heading-title elementor-size-default\">Aviso legal<\/h2>\t\t\t\t<\/div>\n\t\t\t\t<\/div>\n\t\t\t\t\t<\/div>\n\t\t\t\t<\/div>\n\t\t<div class=\"elementor-element elementor-element-130d92f e-flex e-con-boxed e-con e-parent\" data-id=\"130d92f\" data-element_type=\"container\">\n\t\t\t\t\t<div class=\"e-con-inner\">\n\t\t\t\t<div class=\"elementor-element elementor-element-0be8061 elementor-widget elementor-widget-text-editor\" data-id=\"0be8061\" data-element_type=\"widget\" data-widget_type=\"text-editor.default\">\n\t\t\t\t<div class=\"elementor-widget-container\">\n\t\t\t\t\t\t\t\t\t<p>En cumplimiento con lo dispuesto en la Ley 34\/2002, de 11 de julio, de servicios de la sociedad de la informaci\u00f3n y de comercio electr\u00f3nico (LSSI-CE), se informa a los usuarios de los siguientes datos identificativos del titular del sitio web:<\/p><p data-start=\"567\" data-end=\"860\"><strong data-start=\"567\" data-end=\"579\">Titular:<\/strong><i>Dulce Maria Bardon del Rio<br \/><\/i><strong data-start=\"615\" data-end=\"627\">NIF\/CIF:<\/strong> <i>74890819J<br \/><\/i><strong data-start=\"639\" data-end=\"660\">Domicilio social:<\/strong><i>C\/ Sierra de Ronda 1 portal 28 2\u00baQ <\/i><i>29720, M\u00e1laga<br \/><\/i><strong data-start=\"684\" data-end=\"707\">Correo electr\u00f3nico:<\/strong> dm.bardon@hotmail.com<\/p><hr data-start=\"862\" data-end=\"865\" \/><h3 data-start=\"867\" data-end=\"877\">Objeto<\/h3><p data-start=\"879\" data-end=\"1066\">El presente sitio web tiene como objeto facilitar informaci\u00f3n sobre los servicios y\/o actividades desarrolladas por el titular, as\u00ed como permitir el contacto con los usuarios interesados.<\/p><hr data-start=\"1068\" data-end=\"1071\" \/><h3 data-start=\"1073\" data-end=\"1095\">Condiciones de uso<\/h3><p data-start=\"1097\" data-end=\"1376\">El acceso y uso de este sitio web atribuye la condici\u00f3n de usuario e implica la aceptaci\u00f3n plena y sin reservas de las presentes condiciones de uso. El usuario se compromete a hacer un uso adecuado de los contenidos y servicios, conforme a la ley, la buena fe y el orden p\u00fablico.<\/p><p data-start=\"1378\" data-end=\"1564\">El titular se reserva el derecho a modificar en cualquier momento y sin previo aviso la presentaci\u00f3n, configuraci\u00f3n y contenidos del sitio web, as\u00ed como las presentes condiciones de uso.<\/p><hr data-start=\"1566\" data-end=\"1569\" \/><h3 data-start=\"1571\" data-end=\"1609\">Propiedad intelectual e industrial<\/h3><p data-start=\"1611\" data-end=\"1937\">Todos los contenidos del sitio web, incluyendo a t\u00edtulo enunciativo textos, im\u00e1genes, dise\u00f1os, logotipos, iconos, software y dem\u00e1s elementos, son titularidad del titular del sitio web o de terceros que han autorizado su uso, y se encuentran protegidos por la normativa vigente en materia de propiedad intelectual e industrial.<\/p><p data-start=\"1939\" data-end=\"2102\">Queda prohibida la reproducci\u00f3n, distribuci\u00f3n o comunicaci\u00f3n p\u00fablica, total o parcial, de los contenidos de este sitio web sin la autorizaci\u00f3n expresa del titular.<\/p><hr data-start=\"2104\" data-end=\"2107\" \/><h3 data-start=\"2109\" data-end=\"2128\">Responsabilidad<\/h3><p data-start=\"2130\" data-end=\"2433\">El titular no se hace responsable de los da\u00f1os o perjuicios derivados del uso de la informaci\u00f3n contenida en el sitio web, ni de la falta de disponibilidad del mismo. Asimismo, no garantiza la ausencia de virus u otros elementos que puedan producir alteraciones en los sistemas inform\u00e1ticos del usuario.<\/p><p data-start=\"2435\" data-end=\"2546\">El titular no se responsabiliza de los contenidos de los enlaces externos que puedan incluirse en el sitio web.<\/p><hr data-start=\"2548\" data-end=\"2551\" \/><h3 data-start=\"2553\" data-end=\"2576\">Protecci\u00f3n de datos<\/h3><p data-start=\"2578\" data-end=\"2789\">El tratamiento de los datos personales que, en su caso, se recaben a trav\u00e9s del sitio web se regir\u00e1 por lo dispuesto en la <strong data-start=\"2701\" data-end=\"2727\">Pol\u00edtica de Privacidad<\/strong>, que el usuario puede consultar en el enlace correspondiente.<\/p><hr data-start=\"2791\" data-end=\"2794\" \/><h3 data-start=\"2796\" data-end=\"2836\">Legislaci\u00f3n aplicable y jurisdicci\u00f3n<\/h3><p data-start=\"2838\" data-end=\"3124\">La relaci\u00f3n entre el titular del sitio web y el usuario se regir\u00e1 por la normativa espa\u00f1ola vigente. Para la resoluci\u00f3n de cualquier controversia que pudiera derivarse del acceso o uso del sitio web, las partes se someten a los juzgados y tribunales que correspondan conforme a derecho.<\/p>\t\t\t\t\t\t\t\t<\/div>\n\t\t\t\t<\/div>\n\t\t\t\t\t<\/div>\n\t\t\t\t<\/div>\n\t\t\t\t<\/div>\n\t\t","protected":false},"excerpt":{"rendered":"<p>Aviso legal En cumplimiento con lo dispuesto en la Ley 34\/2002, de 11 de julio, de servicios de la sociedad de la informaci\u00f3n y de comercio electr\u00f3nico (LSSI-CE), se informa a los usuarios de los siguientes datos identificativos del titular del sitio web: Titular:Dulce Maria Bardon del RioNIF\/CIF: 74890819JDomicilio social:C\/ Sierra de Ronda 1 portal [&hellip;]<\/p>\n","protected":false},"author":1,"featured_media":0,"parent":0,"menu_order":0,"comment_status":"closed","ping_status":"closed","template":"","meta":{"footnotes":""},"class_list":["post-650","page","type-page","status-publish","hentry"],"yoast_head":"<!-- This site is optimized with the Yoast SEO plugin v25.6 - https:\/\/yoast.com\/wordpress\/plugins\/seo\/ -->\n<title>Aviso legal - Est\u00e9tica MBardon<\/title>\n<meta name=\"robots\" content=\"index, follow, max-snippet:-1, max-image-preview:large, max-video-preview:-1\" \/>\n<link rel=\"canonical\" href=\"https:\/\/mbardon.com\/index.php\/aviso-legal\/\" \/>\n<meta property=\"og:locale\" content=\"es_ES\" \/>\n<meta property=\"og:type\" content=\"article\" \/>\n<meta property=\"og:title\" content=\"Aviso legal - Est\u00e9tica MBardon\" \/>\n<meta property=\"og:description\" content=\"Aviso legal En cumplimiento con lo dispuesto en la Ley 34\/2002, de 11 de julio, de servicios de la sociedad de la informaci\u00f3n y de comercio electr\u00f3nico (LSSI-CE), se informa a los usuarios de los siguientes datos identificativos del titular del sitio web: Titular:Dulce Maria Bardon del RioNIF\/CIF: 74890819JDomicilio social:C\/ Sierra de Ronda 1 portal [&hellip;]\" \/>\n<meta property=\"og:url\" content=\"https:\/\/mbardon.com\/index.php\/aviso-legal\/\" \/>\n<meta property=\"og:site_name\" content=\"Est\u00e9tica MBardon\" \/>\n<meta property=\"article:modified_time\" content=\"2026-01-30T15:31:56+00:00\" \/>\n<meta name=\"twitter:card\" content=\"summary_large_image\" \/>\n<meta name=\"twitter:label1\" content=\"Tiempo de lectura\" \/>\n\t<meta name=\"twitter:data1\" content=\"2 minutos\" \/>\n<script type=\"application\/ld+json\" class=\"yoast-schema-graph\">{\"@context\":\"https:\/\/schema.org\",\"@graph\":[{\"@type\":\"WebPage\",\"@id\":\"https:\/\/mbardon.com\/index.php\/aviso-legal\/\",\"url\":\"https:\/\/mbardon.com\/index.php\/aviso-legal\/\",\"name\":\"Aviso legal - Est\u00e9tica MBardon\",\"isPartOf\":{\"@id\":\"https:\/\/mbardon.com\/#website\"},\"datePublished\":\"2025-05-04T10:48:23+00:00\",\"dateModified\":\"2026-01-30T15:31:56+00:00\",\"breadcrumb\":{\"@id\":\"https:\/\/mbardon.com\/index.php\/aviso-legal\/#breadcrumb\"},\"inLanguage\":\"es\",\"potentialAction\":[{\"@type\":\"ReadAction\",\"target\":[\"https:\/\/mbardon.com\/index.php\/aviso-legal\/\"]}]},{\"@type\":\"BreadcrumbList\",\"@id\":\"https:\/\/mbardon.com\/index.php\/aviso-legal\/#breadcrumb\",\"itemListElement\":[{\"@type\":\"ListItem\",\"position\":1,\"name\":\"Portada\",\"item\":\"https:\/\/mbardon.com\/\"},{\"@type\":\"ListItem\",\"position\":2,\"name\":\"Aviso legal\"}]},{\"@type\":\"WebSite\",\"@id\":\"https:\/\/mbardon.com\/#website\",\"url\":\"https:\/\/mbardon.com\/\",\"name\":\"Est\u00e9tica MBardon\",\"description\":\"\",\"publisher\":{\"@id\":\"https:\/\/mbardon.com\/#organization\"},\"potentialAction\":[{\"@type\":\"SearchAction\",\"target\":{\"@type\":\"EntryPoint\",\"urlTemplate\":\"https:\/\/mbardon.com\/?s={search_term_string}\"},\"query-input\":{\"@type\":\"PropertyValueSpecification\",\"valueRequired\":true,\"valueName\":\"search_term_string\"}}],\"inLanguage\":\"es\"},{\"@type\":\"Organization\",\"@id\":\"https:\/\/mbardon.com\/#organization\",\"name\":\"Est\u00e9tica MBardon\",\"url\":\"https:\/\/mbardon.com\/\",\"logo\":{\"@type\":\"ImageObject\",\"inLanguage\":\"es\",\"@id\":\"https:\/\/mbardon.com\/#\/schema\/logo\/image\/\",\"url\":\"https:\/\/mbardon.com\/wp-content\/uploads\/2025\/03\/Recurso-3.svg\",\"contentUrl\":\"https:\/\/mbardon.com\/wp-content\/uploads\/2025\/03\/Recurso-3.svg\",\"width\":78,\"height\":81,\"caption\":\"Est\u00e9tica MBardon\"},\"image\":{\"@id\":\"https:\/\/mbardon.com\/#\/schema\/logo\/image\/\"}}]}<\/script>\n<!-- \/ Yoast SEO plugin. -->","yoast_head_json":{"title":"Aviso legal - Est\u00e9tica MBardon","robots":{"index":"index","follow":"follow","max-snippet":"max-snippet:-1","max-image-preview":"max-image-preview:large","max-video-preview":"max-video-preview:-1"},"canonical":"https:\/\/mbardon.com\/index.php\/aviso-legal\/","og_locale":"es_ES","og_type":"article","og_title":"Aviso legal - Est\u00e9tica MBardon","og_description":"Aviso legal En cumplimiento con lo dispuesto en la Ley 34\/2002, de 11 de julio, de servicios de la sociedad de la informaci\u00f3n y de comercio electr\u00f3nico (LSSI-CE), se informa a los usuarios de los siguientes datos identificativos del titular del sitio web: Titular:Dulce Maria Bardon del RioNIF\/CIF: 74890819JDomicilio social:C\/ Sierra de Ronda 1 portal [&hellip;]","og_url":"https:\/\/mbardon.com\/index.php\/aviso-legal\/","og_site_name":"Est\u00e9tica MBardon","article_modified_time":"2026-01-30T15:31:56+00:00","twitter_card":"summary_large_image","twitter_misc":{"Tiempo de lectura":"2 minutos"},"schema":{"@context":"https:\/\/schema.org","@graph":[{"@type":"WebPage","@id":"https:\/\/mbardon.com\/index.php\/aviso-legal\/","url":"https:\/\/mbardon.com\/index.php\/aviso-legal\/","name":"Aviso legal - Est\u00e9tica MBardon","isPartOf":{"@id":"https:\/\/mbardon.com\/#website"},"datePublished":"2025-05-04T10:48:23+00:00","dateModified":"2026-01-30T15:31:56+00:00","breadcrumb":{"@id":"https:\/\/mbardon.com\/index.php\/aviso-legal\/#breadcrumb"},"inLanguage":"es","potentialAction":[{"@type":"ReadAction","target":["https:\/\/mbardon.com\/index.php\/aviso-legal\/"]}]},{"@type":"BreadcrumbList","@id":"https:\/\/mbardon.com\/index.php\/aviso-legal\/#breadcrumb","itemListElement":[{"@type":"ListItem","position":1,"name":"Portada","item":"https:\/\/mbardon.com\/"},{"@type":"ListItem","position":2,"name":"Aviso legal"}]},{"@type":"WebSite","@id":"https:\/\/mbardon.com\/#website","url":"https:\/\/mbardon.com\/","name":"Est\u00e9tica MBardon","description":"","publisher":{"@id":"https:\/\/mbardon.com\/#organization"},"potentialAction":[{"@type":"SearchAction","target":{"@type":"EntryPoint","urlTemplate":"https:\/\/mbardon.com\/?s={search_term_string}"},"query-input":{"@type":"PropertyValueSpecification","valueRequired":true,"valueName":"search_term_string"}}],"inLanguage":"es"},{"@type":"Organization","@id":"https:\/\/mbardon.com\/#organization","name":"Est\u00e9tica MBardon","url":"https:\/\/mbardon.com\/","logo":{"@type":"ImageObject","inLanguage":"es","@id":"https:\/\/mbardon.com\/#\/schema\/logo\/image\/","url":"https:\/\/mbardon.com\/wp-content\/uploads\/2025\/03\/Recurso-3.svg","contentUrl":"https:\/\/mbardon.com\/wp-content\/uploads\/2025\/03\/Recurso-3.svg","width":78,"height":81,"caption":"Est\u00e9tica MBardon"},"image":{"@id":"https:\/\/mbardon.com\/#\/schema\/logo\/image\/"}}]}},"_links":{"self":[{"href":"https:\/\/mbardon.com\/index.php\/wp-json\/wp\/v2\/pages\/650","targetHints":{"allow":["GET"]}}],"collection":[{"href":"https:\/\/mbardon.com\/index.php\/wp-json\/wp\/v2\/pages"}],"about":[{"href":"https:\/\/mbardon.com\/index.php\/wp-json\/wp\/v2\/types\/page"}],"author":[{"embeddable":true,"href":"https:\/\/mbardon.com\/index.php\/wp-json\/wp\/v2\/users\/1"}],"replies":[{"embeddable":true,"href":"https:\/\/mbardon.com\/index.php\/wp-json\/wp\/v2\/comments?post=650"}],"version-history":[{"count":11,"href":"https:\/\/mbardon.com\/index.php\/wp-json\/wp\/v2\/pages\/650\/revisions"}],"predecessor-version":[{"id":1030,"href":"https:\/\/mbardon.com\/index.php\/wp-json\/wp\/v2\/pages\/650\/revisions\/1030"}],"wp:attachment":[{"href":"https:\/\/mbardon.com\/index.php\/wp-json\/wp\/v2\/media?parent=650"}],"curies":[{"name":"wp","href":"https:\/\/api.w.org\/{rel}","templated":true}]}}